{"id":1271,"date":"2022-03-08T09:21:33","date_gmt":"2022-03-08T08:21:33","guid":{"rendered":"http:\/\/www.taferner.it\/?page_id=1271"},"modified":"2022-03-08T09:25:43","modified_gmt":"2022-03-08T08:25:43","slug":"vacanze-attive","status":"publish","type":"page","link":"https:\/\/www.taferner.it\/it\/viaggi\/vacanze-attive\/","title":{"rendered":"Vacanze attive"},"content":{"rendered":"","protected":false},"excerpt":{"rendered":"","protected":false},"author":1,"featured_media":0,"parent":1265,"menu_order":2,"comment_status":"closed","ping_status":"closed","template":"","meta":{"inline_featured_image":false,"footnotes":""},"class_list":["post-1271","page","type-page","status-publish","hentry"],"yoast_head":"<!-- This site is optimized with the Yoast SEO plugin v23.4 - https:\/\/yoast.com\/wordpress\/plugins\/seo\/ -->\n<title>Vacanze attive \u2013 Agenzia viaggi Taferner, Alto Adige<\/title>\n<meta name=\"description\" content=\"Vacanze attive, escursionistiche e ciclistiche per chi ama lo sport e l\u2019avventura. Scoprite le nostre fantastiche proposte! Taferner in Alto Adige \u00e8 sinonimo di professionalit\u00e0 e affidabilit\u00e0.\" \/>\n<meta name=\"robots\" content=\"index, follow, max-snippet:-1, max-image-preview:large, max-video-preview:-1\" \/>\n<link rel=\"canonical\" href=\"https:\/\/www.taferner.it\/it\/viaggi\/vacanze-attive\/\" \/>\n<meta property=\"og:locale\" content=\"it_IT\" \/>\n<meta property=\"og:type\" content=\"article\" \/>\n<meta property=\"og:title\" content=\"Vacanze attive \u2013 Agenzia viaggi Taferner, Alto Adige\" \/>\n<meta property=\"og:description\" content=\"Vacanze attive, escursionistiche e ciclistiche per chi ama lo sport e l\u2019avventura. Scoprite le nostre fantastiche proposte! Taferner in Alto Adige \u00e8 sinonimo di professionalit\u00e0 e affidabilit\u00e0.\" \/>\n<meta property=\"og:url\" content=\"https:\/\/www.taferner.it\/it\/viaggi\/vacanze-attive\/\" \/>\n<meta property=\"og:site_name\" content=\"Taferner\" \/>\n<meta property=\"article:modified_time\" content=\"2022-03-08T08:25:43+00:00\" \/>\n<meta name=\"twitter:card\" content=\"summary_large_image\" \/>\n<script type=\"application\/ld+json\" class=\"yoast-schema-graph\">{\"@context\":\"https:\/\/schema.org\",\"@graph\":[{\"@type\":\"WebPage\",\"@id\":\"https:\/\/www.taferner.it\/it\/viaggi\/vacanze-attive\/\",\"url\":\"https:\/\/www.taferner.it\/it\/viaggi\/vacanze-attive\/\",\"name\":\"Vacanze attive \u2013 Agenzia viaggi Taferner, Alto Adige\",\"isPartOf\":{\"@id\":\"https:\/\/www.taferner.it\/#website\"},\"datePublished\":\"2022-03-08T08:21:33+00:00\",\"dateModified\":\"2022-03-08T08:25:43+00:00\",\"description\":\"Vacanze attive, escursionistiche e ciclistiche per chi ama lo sport e l\u2019avventura. Scoprite le nostre fantastiche proposte! Taferner in Alto Adige \u00e8 sinonimo di professionalit\u00e0 e affidabilit\u00e0.\",\"breadcrumb\":{\"@id\":\"https:\/\/www.taferner.it\/it\/viaggi\/vacanze-attive\/#breadcrumb\"},\"inLanguage\":\"it-IT\",\"potentialAction\":[{\"@type\":\"ReadAction\",\"target\":[\"https:\/\/www.taferner.it\/it\/viaggi\/vacanze-attive\/\"]}]},{\"@type\":\"BreadcrumbList\",\"@id\":\"https:\/\/www.taferner.it\/it\/viaggi\/vacanze-attive\/#breadcrumb\",\"itemListElement\":[{\"@type\":\"ListItem\",\"position\":1,\"name\":\"Startseite\",\"item\":\"https:\/\/www.taferner.it\/it\/\"},{\"@type\":\"ListItem\",\"position\":2,\"name\":\"Viaggi\",\"item\":\"https:\/\/www.taferner.it\/it\/viaggi\/\"},{\"@type\":\"ListItem\",\"position\":3,\"name\":\"Vacanze attive\"}]},{\"@type\":\"WebSite\",\"@id\":\"https:\/\/www.taferner.it\/#website\",\"url\":\"https:\/\/www.taferner.it\/\",\"name\":\"Taferner\",\"description\":\"\",\"potentialAction\":[{\"@type\":\"SearchAction\",\"target\":{\"@type\":\"EntryPoint\",\"urlTemplate\":\"https:\/\/www.taferner.it\/?s={search_term_string}\"},\"query-input\":{\"@type\":\"PropertyValueSpecification\",\"valueRequired\":true,\"valueName\":\"search_term_string\"}}],\"inLanguage\":\"it-IT\"}]}<\/script>\n<!-- \/ Yoast SEO plugin. -->","yoast_head_json":{"title":"Vacanze attive \u2013 Agenzia viaggi Taferner, Alto Adige","description":"Vacanze attive, escursionistiche e ciclistiche per chi ama lo sport e l\u2019avventura. Scoprite le nostre fantastiche proposte! Taferner in Alto Adige \u00e8 sinonimo di professionalit\u00e0 e affidabilit\u00e0.","robots":{"index":"index","follow":"follow","max-snippet":"max-snippet:-1","max-image-preview":"max-image-preview:large","max-video-preview":"max-video-preview:-1"},"canonical":"https:\/\/www.taferner.it\/it\/viaggi\/vacanze-attive\/","og_locale":"it_IT","og_type":"article","og_title":"Vacanze attive \u2013 Agenzia viaggi Taferner, Alto Adige","og_description":"Vacanze attive, escursionistiche e ciclistiche per chi ama lo sport e l\u2019avventura. Scoprite le nostre fantastiche proposte! Taferner in Alto Adige \u00e8 sinonimo di professionalit\u00e0 e affidabilit\u00e0.","og_url":"https:\/\/www.taferner.it\/it\/viaggi\/vacanze-attive\/","og_site_name":"Taferner","article_modified_time":"2022-03-08T08:25:43+00:00","twitter_card":"summary_large_image","schema":{"@context":"https:\/\/schema.org","@graph":[{"@type":"WebPage","@id":"https:\/\/www.taferner.it\/it\/viaggi\/vacanze-attive\/","url":"https:\/\/www.taferner.it\/it\/viaggi\/vacanze-attive\/","name":"Vacanze attive \u2013 Agenzia viaggi Taferner, Alto Adige","isPartOf":{"@id":"https:\/\/www.taferner.it\/#website"},"datePublished":"2022-03-08T08:21:33+00:00","dateModified":"2022-03-08T08:25:43+00:00","description":"Vacanze attive, escursionistiche e ciclistiche per chi ama lo sport e l\u2019avventura. Scoprite le nostre fantastiche proposte! Taferner in Alto Adige \u00e8 sinonimo di professionalit\u00e0 e affidabilit\u00e0.","breadcrumb":{"@id":"https:\/\/www.taferner.it\/it\/viaggi\/vacanze-attive\/#breadcrumb"},"inLanguage":"it-IT","potentialAction":[{"@type":"ReadAction","target":["https:\/\/www.taferner.it\/it\/viaggi\/vacanze-attive\/"]}]},{"@type":"BreadcrumbList","@id":"https:\/\/www.taferner.it\/it\/viaggi\/vacanze-attive\/#breadcrumb","itemListElement":[{"@type":"ListItem","position":1,"name":"Startseite","item":"https:\/\/www.taferner.it\/it\/"},{"@type":"ListItem","position":2,"name":"Viaggi","item":"https:\/\/www.taferner.it\/it\/viaggi\/"},{"@type":"ListItem","position":3,"name":"Vacanze attive"}]},{"@type":"WebSite","@id":"https:\/\/www.taferner.it\/#website","url":"https:\/\/www.taferner.it\/","name":"Taferner","description":"","potentialAction":[{"@type":"SearchAction","target":{"@type":"EntryPoint","urlTemplate":"https:\/\/www.taferner.it\/?s={search_term_string}"},"query-input":{"@type":"PropertyValueSpecification","valueRequired":true,"valueName":"search_term_string"}}],"inLanguage":"it-IT"}]}},"_links":{"self":[{"href":"https:\/\/www.taferner.it\/it\/wp-json\/wp\/v2\/pages\/1271","targetHints":{"allow":["GET"]}}],"collection":[{"href":"https:\/\/www.taferner.it\/it\/wp-json\/wp\/v2\/pages"}],"about":[{"href":"https:\/\/www.taferner.it\/it\/wp-json\/wp\/v2\/types\/page"}],"author":[{"embeddable":true,"href":"https:\/\/www.taferner.it\/it\/wp-json\/wp\/v2\/users\/1"}],"replies":[{"embeddable":true,"href":"https:\/\/www.taferner.it\/it\/wp-json\/wp\/v2\/comments?post=1271"}],"version-history":[{"count":3,"href":"https:\/\/www.taferner.it\/it\/wp-json\/wp\/v2\/pages\/1271\/revisions"}],"predecessor-version":[{"id":1274,"href":"https:\/\/www.taferner.it\/it\/wp-json\/wp\/v2\/pages\/1271\/revisions\/1274"}],"up":[{"embeddable":true,"href":"https:\/\/www.taferner.it\/it\/wp-json\/wp\/v2\/pages\/1265"}],"wp:attachment":[{"href":"https:\/\/www.taferner.it\/it\/wp-json\/wp\/v2\/media?parent=1271"}],"curies":[{"name":"wp","href":"https:\/\/api.w.org\/{rel}","templated":true}]}}

<!-- This site is optimized with the Yoast SEO plugin v23.4 - https://yoast.com/wordpress/plugins/seo/ -->
<title>Vacanze attive – Agenzia viaggi Taferner, Alto Adige</title>
<meta name="description" content="Vacanze attive, escursionistiche e ciclistiche per chi ama lo sport e l’avventura. Scoprite le nostre fantastiche proposte! Taferner in Alto Adige è sinonimo di professionalità e affidabilità." />
<meta name="robots" content="index, follow, max-snippet:-1, max-image-preview:large, max-video-preview:-1" />
<link rel="canonical" href="https://www.taferner.it/it/viaggi/vacanze-attive/" />
<meta property="og:locale" content="it_IT" />
<meta property="og:type" content="article" />
<meta property="og:title" content="Vacanze attive – Agenzia viaggi Taferner, Alto Adige" />
<meta property="og:description" content="Vacanze attive, escursionistiche e ciclistiche per chi ama lo sport e l’avventura. Scoprite le nostre fantastiche proposte! Taferner in Alto Adige è sinonimo di professionalità e affidabilità." />
<meta property="og:url" content="https://www.taferner.it/it/viaggi/vacanze-attive/" />
<meta property="og:site_name" content="Taferner" />
<meta property="article:modified_time" content="2022-03-08T08:25:43+00:00" />
<meta name="twitter:card" content="summary_large_image" />
<script type="application/ld+json" class="yoast-schema-graph">{"@context":"https://schema.org","@graph":[{"@type":"WebPage","@id":"https://www.taferner.it/it/viaggi/vacanze-attive/","url":"https://www.taferner.it/it/viaggi/vacanze-attive/","name":"Vacanze attive – Agenzia viaggi Taferner, Alto Adige","isPartOf":{"@id":"https://www.taferner.it/#website"},"datePublished":"2022-03-08T08:21:33+00:00","dateModified":"2022-03-08T08:25:43+00:00","description":"Vacanze attive, escursionistiche e ciclistiche per chi ama lo sport e l’avventura. Scoprite le nostre fantastiche proposte! Taferner in Alto Adige è sinonimo di professionalità e affidabilità.","breadcrumb":{"@id":"https://www.taferner.it/it/viaggi/vacanze-attive/#breadcrumb"},"inLanguage":"it-IT","potentialAction":[{"@type":"ReadAction","target":["https://www.taferner.it/it/viaggi/vacanze-attive/"]}]},{"@type":"BreadcrumbList","@id":"https://www.taferner.it/it/viaggi/vacanze-attive/#breadcrumb","itemListElement":[{"@type":"ListItem","position":1,"name":"Startseite","item":"https://www.taferner.it/it/"},{"@type":"ListItem","position":2,"name":"Viaggi","item":"https://www.taferner.it/it/viaggi/"},{"@type":"ListItem","position":3,"name":"Vacanze attive"}]},{"@type":"WebSite","@id":"https://www.taferner.it/#website","url":"https://www.taferner.it/","name":"Taferner","description":"","potentialAction":[{"@type":"SearchAction","target":{"@type":"EntryPoint","urlTemplate":"https://www.taferner.it/?s={search_term_string}"},"query-input":{"@type":"PropertyValueSpecification","valueRequired":true,"valueName":"search_term_string"}}],"inLanguage":"it-IT"}]}</script>
<!-- / Yoast SEO plugin. -->

Vacanze attive, escursionistiche e ciclistiche per chi ama lo sport e l’avventura. Scoprite le nostre fantastiche proposte! Taferner in Alto Adige è sinonimo di professionalità e affidabilità.
